{"id":244,"date":"2014-10-29T11:16:09","date_gmt":"2014-10-29T10:16:09","guid":{"rendered":"http:\/\/archers-longwy.fr\/wordpress\/?page_id=244"},"modified":"2022-01-28T17:28:10","modified_gmt":"2022-01-28T15:28:10","slug":"reglement-de-lecole-de-tir","status":"publish","type":"page","link":"https:\/\/archers-haucourt.fr\/wordpress\/lecole-de-tir\/reglement-de-lecole-de-tir\/","title":{"rendered":"R\u00e8glement de l&#8217;\u00e9cole de tir"},"content":{"rendered":"<p>Vous trouverez le r\u00e8glement du club ici en <a href=\"http:\/\/archers-longwy.fr\/wordpress\/wp-content\/uploads\/2021\/05\/archer-club-Haucourt-Moulaine-Reglement.pdf\" target=\"_blank\" rel=\"noopener\">t\u00e9l\u00e9chargement au format .pdf <\/a><\/p>\n<p><em><img loading=\"lazy\" decoding=\"async\" class=\"alignleft\" src=\"http:\/\/archers-longwy.fr\/wordpress\/wp-content\/uploads\/2021\/05\/Nouveau-logo-bleu-pour-courrier-sans-cercle.jpg\" alt=\"\" width=\"123\" height=\"116\" \/>R\u00e8glement et prescriptions \u00e0 la pratique du tir \u00e0 l\u2019arc au sein de l&#8217;association sportive &#8220;L&#8217;archer club de Haucourt-Moulaine&#8221;<\/em><\/p>\n<p><em>Toutes les disciplines peuvent \u00eatre pratiqu\u00e9es dans le club, du loisir \u00e0 la comp\u00e9tition. Il faut imp\u00e9rativement respecter les r\u00e8gles sanitaires du lieu de pratique !<\/em><\/p>\n<ol>\n<li><strong>Les archers ou apprentis s\u2019engagent \u00e0 respecter scrupuleusement ce r\u00e8glement et prescriptions ainsi que les directives ponctuelles qui pourront \u00eatre donn\u00e9es par les responsables des s\u00e9ances.<\/strong><\/li>\n<li><strong>Les s\u00e9ances de tir peuvent se d\u00e9rouler soit en int\u00e9rieur ou en ext\u00e9rieur (salle de sports rue de la Garonne, sur le terrain sous la salle ou sur le terrain sis \u00e0 Moulaine).<\/strong><\/li>\n<li><strong>Les s\u00e9ances s\u2019effectuent en groupe de 10 archers maximum par responsable. Le nombre d\u2019archers pouvant \u00eatre davantage si le surplus des archers sont des archers confirm\u00e9s.<\/strong><\/li>\n<li><strong>L\u2019usage du mat\u00e9riel personnel est assujetti \u00e0 l\u2019autorisation du responsable de la s\u00e9ance seul habilit\u00e9 \u00e0 d\u00e9finir si le dit mat\u00e9riel est adapt\u00e9 \u00e0 la pratique du tir \u00e0 l\u2019arc en toute s\u00e9curit\u00e9.<\/strong><\/li>\n<li><strong>Le club met du mat\u00e9riel appropri\u00e9, si n\u00e9cessaire, \u00e0 la disposition des adh\u00e9rents.<\/strong><\/li>\n<li><strong>Les tirs se font par vol\u00e9es de 3 fl\u00e8ches, sauf si le responsable de la s\u00e9ance a donn\u00e9 son autorisation pour un entra\u00eenement sp\u00e9cifique ou une activit\u00e9 ludique.<\/strong><\/li>\n<li><strong>Le paiement des cotisations et licence est obligatoire pour pouvoir pratiquer le tir \u00e0 l\u2019arc au sein de la compagnie sauf pour un essai, il entra\u00eene la pleine acceptation de ce r\u00e8glement. Toute personne non \u00e0 jour de ses cotisations peut se voir refuser par le responsable de s\u00e9ance l\u2019autorisation de pratiquer le tir \u00e0 l\u2019arc au sein du club. La licence et un certificat m\u00e9dical de non contre-indication de moins de 3 mois sont obligatoires. Ce certificat doit \u00eatre fourni lors de l\u2019inscription. <\/strong><\/li>\n<li><strong>Le non respect de ces r\u00e8glements et pr\u00e9conisations par un adh\u00e9rent donne droit au responsable de la s\u00e9ance de l\u2019exclure temporairement. Seul le bureau de la section peut exclure d\u00e9finitivement, sanctionner une personne dont le comportement, les paroles ou les actes ont nui au Club. <\/strong><\/li>\n<li><strong>Aucun remboursement de cotisation ne sera fait \u00e0 l\u2019adh\u00e9rent exclu.<\/strong><\/li>\n<li><strong><span style=\"text-decoration: underline;\">Pour tirer : respecter les consignes suivantes :<\/span> <\/strong><\/li>\n<\/ol>\n<p><strong>o Diriger son arc vers la cible (m\u00eame sans fl\u00e8che), s&#8217;assurer qu&#8217;aucune personne n&#8217;est devant avant de mettre une fl\u00e8che sur l&#8217;arc, ne viser qu&#8217;une direction : celle de la cible.<\/strong><\/p>\n<p><strong>o L\u00e2cher la corde de l\u2019arc uniquement avec une fl\u00e8che.<\/strong><\/p>\n<p><strong>o Utiliser du mat\u00e9riel appropri\u00e9 (fl\u00e8che de bonne longueur etc.)<\/strong><\/p>\n<p><strong>o Reculer de la ligne de tir apr\u00e8s avoir tir\u00e9 sa vol\u00e9e et attendre le signal pour aller au r\u00e9sultat.<\/strong><\/p>\n<p><strong>o Seul le responsable de la s\u00e9ance peut autoriser de p\u00e9n\u00e9trer dans le pas de tir.<\/strong><\/p>\n<p><strong>o Tirer uniquement sur les cibles mises \u00e0 disposition.<\/strong><\/p>\n<p><strong>o Se pr\u00e9senter sur le c\u00f4t\u00e9 de la cible pour y retirer ses fl\u00e8ches.<\/strong><\/p>\n<p><strong>o Retirer ses propres fl\u00e8ches, seul le responsable de la s\u00e9ance peut autoriser \u00e0 en retirer les autres.<\/strong><\/p>\n<p><strong>o Avoir un comportement s\u00e9curitaire pour les autres et soi, respecter le mat\u00e9riel.<\/strong><\/p>\n<p><strong>o Avoir une attitude respectueuse et courtoise, ne pas g\u00eaner les autres tireurs.<\/strong><\/p>\n<p><a title=\"Accueil\" href=\"http:\/\/archers-longwy.fr\/wordpress\/\"><span style=\"text-decoration: underline;\">\u00a0retour vers l&#8217;accue<strong>il<br \/>\n<\/strong><\/span><\/a><\/p>\n","protected":false},"excerpt":{"rendered":"<p>Vous trouverez le r\u00e8glement du club ici en t\u00e9l\u00e9chargement au format .pdf R\u00e8glement et prescriptions \u00e0 la pratique du tir \u00e0 l\u2019arc au sein de l&#8217;association sportive &#8220;L&#8217;archer club de Haucourt-Moulaine&#8221; Toutes les disciplines peuvent \u00eatre pratiqu\u00e9es dans le club, du loisir \u00e0 la comp\u00e9tition. Il faut imp\u00e9rativement respecter les r\u00e8gles sanitaires du lieu de [&hellip;]<\/p>\n","protected":false},"author":2,"featured_media":0,"parent":194,"menu_order":5,"comment_status":"closed","ping_status":"closed","template":"","meta":{"_bbp_topic_count":0,"_bbp_reply_count":0,"_bbp_total_topic_count":0,"_bbp_total_reply_count":0,"_bbp_voice_count":0,"_bbp_anonymous_reply_count":0,"_bbp_topic_count_hidden":0,"_bbp_reply_count_hidden":0,"_bbp_forum_subforum_count":0,"footnotes":""},"class_list":["post-244","page","type-page","status-publish","hentry"],"jetpack_sharing_enabled":true,"_links":{"self":[{"href":"https:\/\/archers-haucourt.fr\/wordpress\/wp-json\/wp\/v2\/pages\/244","targetHints":{"allow":["GET"]}}],"collection":[{"href":"https:\/\/archers-haucourt.fr\/wordpress\/wp-json\/wp\/v2\/pages"}],"about":[{"href":"https:\/\/archers-haucourt.fr\/wordpress\/wp-json\/wp\/v2\/types\/page"}],"author":[{"embeddable":true,"href":"https:\/\/archers-haucourt.fr\/wordpress\/wp-json\/wp\/v2\/users\/2"}],"replies":[{"embeddable":true,"href":"https:\/\/archers-haucourt.fr\/wordpress\/wp-json\/wp\/v2\/comments?post=244"}],"version-history":[{"count":15,"href":"https:\/\/archers-haucourt.fr\/wordpress\/wp-json\/wp\/v2\/pages\/244\/revisions"}],"predecessor-version":[{"id":4903,"href":"https:\/\/archers-haucourt.fr\/wordpress\/wp-json\/wp\/v2\/pages\/244\/revisions\/4903"}],"up":[{"embeddable":true,"href":"https:\/\/archers-haucourt.fr\/wordpress\/wp-json\/wp\/v2\/pages\/194"}],"wp:attachment":[{"href":"https:\/\/archers-haucourt.fr\/wordpress\/wp-json\/wp\/v2\/media?parent=244"}],"curies":[{"name":"wp","href":"https:\/\/api.w.org\/{rel}","templated":true}]}}