{"id":255,"date":"2014-10-29T11:39:36","date_gmt":"2014-10-29T10:39:36","guid":{"rendered":"http:\/\/archers-longwy.fr\/wordpress\/?page_id=255"},"modified":"2025-06-17T09:19:21","modified_gmt":"2025-06-17T07:19:21","slug":"salle-du-pulventeux","status":"publish","type":"page","link":"https:\/\/archers-haucourt.fr\/wordpress\/salles-et-terrains\/salle-du-pulventeux\/","title":{"rendered":"Salle Jacques LEBRUN 34 rue de la Garonne"},"content":{"rendered":"\n<figure class=\"wp-block-image\"><img decoding=\"async\" src=\"http:\/\/archers-longwy.fr\/wordpress\/wp-content\/uploads\/2021\/05\/vue-en-plan-de-la-salle.jpg\" alt=\"\"\/><\/figure>\n\n\n\n<p>La salle d&#8217;une longueur de 40 m et 20 de large est \u00e9quip\u00e9e de 5 cibles 1.25&#215;1.20 m sur roulettes et d&#8217;un filet de protection en fond de salle.<\/p>\n\n\n\n<p>Des horaires adapt\u00e9s en fonction de l&#8217;\u00e2ge et de la cat\u00e9gorie sont propos\u00e9s aux d\u00e9butants et +.<\/p>\n\n\n\n<figure class=\"wp-block-image size-large\"><img loading=\"lazy\" decoding=\"async\" width=\"1024\" height=\"459\" src=\"https:\/\/archers-haucourt.fr\/wordpress\/wp-content\/uploads\/2022\/06\/IMG20220615163002-1024x459.jpg\" alt=\"\" class=\"wp-image-5048\" srcset=\"https:\/\/archers-haucourt.fr\/wordpress\/wp-content\/uploads\/2022\/06\/IMG20220615163002-1024x459.jpg 1024w, https:\/\/archers-haucourt.fr\/wordpress\/wp-content\/uploads\/2022\/06\/IMG20220615163002-300x134.jpg 300w, https:\/\/archers-haucourt.fr\/wordpress\/wp-content\/uploads\/2022\/06\/IMG20220615163002-768x344.jpg 768w, https:\/\/archers-haucourt.fr\/wordpress\/wp-content\/uploads\/2022\/06\/IMG20220615163002-1536x688.jpg 1536w, https:\/\/archers-haucourt.fr\/wordpress\/wp-content\/uploads\/2022\/06\/IMG20220615163002-2048x918.jpg 2048w\" sizes=\"auto, (max-width: 1024px) 100vw, 1024px\" \/><\/figure>\n\n\n\n<p><a title=\"L\u2019\u00e9cole de tir\" href=\"http:\/\/archers-longwy.fr\/wordpress\/lecole-de-tir\/cours\/\"><span style=\"text-decoration: underline;\"><strong>Voir les horaires<\/strong><\/span><\/a><\/p>\n\n\n\n<p><span style=\"text-decoration: underline;\"><strong><a title=\"Accueil\" href=\"http:\/\/archers-longwy.fr\/wordpress\/\">Retour \u00e0 l&#8217;accueil<\/a><\/strong><\/span><\/p>\n","protected":false},"excerpt":{"rendered":"<p>La salle d&#8217;une longueur de 40 m et 20 de large est \u00e9quip\u00e9e de 5 cibles 1.25&#215;1.20 m sur roulettes et d&#8217;un filet de protection en fond de salle. Des horaires adapt\u00e9s en fonction de l&#8217;\u00e2ge et de la cat\u00e9gorie sont propos\u00e9s aux d\u00e9butants et +. Voir les horaires Retour \u00e0 l&#8217;accueil<\/p>\n","protected":false},"author":2,"featured_media":0,"parent":253,"menu_order":1,"comment_status":"closed","ping_status":"closed","template":"","meta":{"_bbp_topic_count":0,"_bbp_reply_count":0,"_bbp_total_topic_count":0,"_bbp_total_reply_count":0,"_bbp_voice_count":0,"_bbp_anonymous_reply_count":0,"_bbp_topic_count_hidden":0,"_bbp_reply_count_hidden":0,"_bbp_forum_subforum_count":0,"footnotes":""},"class_list":["post-255","page","type-page","status-publish","hentry"],"jetpack_sharing_enabled":true,"_links":{"self":[{"href":"https:\/\/archers-haucourt.fr\/wordpress\/wp-json\/wp\/v2\/pages\/255","targetHints":{"allow":["GET"]}}],"collection":[{"href":"https:\/\/archers-haucourt.fr\/wordpress\/wp-json\/wp\/v2\/pages"}],"about":[{"href":"https:\/\/archers-haucourt.fr\/wordpress\/wp-json\/wp\/v2\/types\/page"}],"author":[{"embeddable":true,"href":"https:\/\/archers-haucourt.fr\/wordpress\/wp-json\/wp\/v2\/users\/2"}],"replies":[{"embeddable":true,"href":"https:\/\/archers-haucourt.fr\/wordpress\/wp-json\/wp\/v2\/comments?post=255"}],"version-history":[{"count":19,"href":"https:\/\/archers-haucourt.fr\/wordpress\/wp-json\/wp\/v2\/pages\/255\/revisions"}],"predecessor-version":[{"id":6744,"href":"https:\/\/archers-haucourt.fr\/wordpress\/wp-json\/wp\/v2\/pages\/255\/revisions\/6744"}],"up":[{"embeddable":true,"href":"https:\/\/archers-haucourt.fr\/wordpress\/wp-json\/wp\/v2\/pages\/253"}],"wp:attachment":[{"href":"https:\/\/archers-haucourt.fr\/wordpress\/wp-json\/wp\/v2\/media?parent=255"}],"curies":[{"name":"wp","href":"https:\/\/api.w.org\/{rel}","templated":true}]}}