{"id":2797,"date":"2017-01-31T21:20:27","date_gmt":"2017-01-31T19:20:27","guid":{"rendered":"http:\/\/archers-longwy.fr\/wordpress\/?page_id=2797"},"modified":"2018-08-14T13:32:10","modified_gmt":"2018-08-14T11:32:10","slug":"carnet","status":"publish","type":"page","link":"https:\/\/archers-haucourt.fr\/wordpress\/carnet\/","title":{"rendered":"Carnet"},"content":{"rendered":"<p><span style=\"font-size: 14pt; font-family: Comic Sans MS,sans-serif;\">R\u00e9compenses au sein du club : <\/span><\/p>\n<p><span style=\"text-decoration: underline; font-family: Comic Sans MS,sans-serif;\"><strong>Femmes b\u00e9n\u00e9voles mars 2016 :<\/strong><\/span><\/p>\n<p><span style=\"font-family: Comic Sans MS,sans-serif;\">\u00a0\u00a0\u00a0\u00a0\u00a0\u00a0\u00a0\u00a0\u00a0\u00a0\u00a0\u00a0\u00a0\u00a0\u00a0\u00a0\u00a0\u00a0\u00a0\u00a0\u00a0\u00a0\u00a0\u00a0\u00a0\u00a0\u00a0\u00a0\u00a0\u00a0\u00a0\u00a0\u00a0\u00a0\u00a0\u00a0\u00a0\u00a0\u00a0\u00a0\u00a0\u00a0\u00a0\u00a0\u00a0\u00a0\u00a0\u00a0\u00a0 Claire Poliseno<\/span><\/p>\n<p><a href=\"http:\/\/archers-longwy.fr\/wordpress\/wp-content\/uploads\/2017\/01\/P_20160313_105407_1_p.jpg\" rel=\"attachment wp-att-2801\"><img loading=\"lazy\" decoding=\"async\" class=\"alignnone wp-image-2801 size-large\" src=\"http:\/\/archers-longwy.fr\/wordpress\/wp-content\/uploads\/2017\/01\/P_20160313_105407_1_p-518x1024.jpg\" alt=\"\" width=\"518\" height=\"1024\" srcset=\"https:\/\/archers-haucourt.fr\/wordpress\/wp-content\/uploads\/2017\/01\/P_20160313_105407_1_p-518x1024.jpg 518w, https:\/\/archers-haucourt.fr\/wordpress\/wp-content\/uploads\/2017\/01\/P_20160313_105407_1_p-152x300.jpg 152w, https:\/\/archers-haucourt.fr\/wordpress\/wp-content\/uploads\/2017\/01\/P_20160313_105407_1_p-768x1519.jpg 768w, https:\/\/archers-haucourt.fr\/wordpress\/wp-content\/uploads\/2017\/01\/P_20160313_105407_1_p.jpg 1701w\" sizes=\"auto, (max-width: 518px) 100vw, 518px\" \/><\/a><\/p>\n<p>&nbsp;<\/p>\n<p><span style=\"text-decoration: underline;\"><strong>M\u00e9daille de bronze jeunesse, sports et engagement associatif 30 janvier 2017\u00a0<\/strong><\/span><\/p>\n<p><span style=\"font-family: Comic Sans MS,sans-serif;\">Fran\u00e7ois Gu\u00e9bert<\/span><\/p>\n<p>Mairie Longwy\u00a0\u00a0\u00a0\u00a0\u00a0\u00a0\u00a0\u00a0\u00a0\u00a0\u00a0\u00a0\u00a0\u00a0\u00a0\u00a0\u00a0\u00a0\u00a0\u00a0\u00a0\u00a0\u00a0\u00a0\u00a0\u00a0\u00a0\u00a0\u00a0\u00a0\u00a0\u00a0\u00a0\u00a0\u00a0\u00a0\u00a0\u00a0\u00a0\u00a0\u00a0\u00a0\u00a0\u00a0\u00a0\u00a0\u00a0\u00a0\u00a0\u00a0\u00a0\u00a0\u00a0 \u00a0 \u00a0 \u00a0 \u00a0 \u00a0 \u00a0 \u00a0 \u00a0 \u00a0 \u00a0 \u00a0 \u00a0 \u00a0 \u00a0 \u00a0 \u00a0 \u00a0 \u00a0 \u00a0 \u00a0 \u00a0 \u00a0 \u00a0 \u00a0 \u00a0 \u00a0 \u00a0 \u00a0 \u00a0 \u00a0 \u00a0 \u00a0 \u00a0 \u00a0 Pr\u00e9fecture Nancy<\/p>\n<p><a href=\"http:\/\/archers-longwy.fr\/wordpress\/wp-content\/uploads\/2017\/01\/m\u00e9daille-Longwy-le-30-01-2017.jpg\" rel=\"attachment wp-att-2805\">\u00a0 \u00a0 \u00a0\u00a0\u00a0\u00a0\u00a0\u00a0\u00a0\u00a0\u00a0\u00a0\u00a0\u00a0<\/a><a href=\"http:\/\/archers-longwy.fr\/wordpress\/wp-content\/uploads\/2017\/01\/m\u00e9daille-Longwy-le-30-01-2017.jpg\" rel=\"attachment wp-att-2805\"><img loading=\"lazy\" decoding=\"async\" class=\"alignleft wp-image-2805 size-large\" src=\"http:\/\/archers-longwy.fr\/wordpress\/wp-content\/uploads\/2017\/01\/m\u00e9daille-Longwy-le-30-01-2017-1024x701.jpg\" alt=\"\" width=\"670\" height=\"459\" srcset=\"https:\/\/archers-haucourt.fr\/wordpress\/wp-content\/uploads\/2017\/01\/m\u00e9daille-Longwy-le-30-01-2017-1024x701.jpg 1024w, https:\/\/archers-haucourt.fr\/wordpress\/wp-content\/uploads\/2017\/01\/m\u00e9daille-Longwy-le-30-01-2017-300x205.jpg 300w, https:\/\/archers-haucourt.fr\/wordpress\/wp-content\/uploads\/2017\/01\/m\u00e9daille-Longwy-le-30-01-2017-768x526.jpg 768w\" sizes=\"auto, (max-width: 670px) 100vw, 670px\" \/><\/a><a href=\"http:\/\/archers-longwy.fr\/wordpress\/wp-content\/uploads\/2017\/01\/IMG_20161221_193651.jpg\" rel=\"attachment wp-att-2810\"> \u00a0<\/a>\u00a0\u00a0\u00a0<a href=\"http:\/\/archers-longwy.fr\/wordpress\/wp-content\/uploads\/2017\/01\/IMG_20161221_193651.jpg\" rel=\"attachment wp-att-2810\">\u00a0\u00a0\u00a0 <\/a><a href=\"http:\/\/archers-longwy.fr\/wordpress\/wp-content\/uploads\/2017\/01\/IMG_20161221_193651.jpg\" rel=\"attachment wp-att-2810\"><img loading=\"lazy\" decoding=\"async\" class=\"alignleft wp-image-2810 size-large\" src=\"http:\/\/archers-longwy.fr\/wordpress\/wp-content\/uploads\/2017\/01\/IMG_20161221_193651-1024x631.jpg\" alt=\"\" width=\"670\" height=\"413\" srcset=\"https:\/\/archers-haucourt.fr\/wordpress\/wp-content\/uploads\/2017\/01\/IMG_20161221_193651-1024x631.jpg 1024w, https:\/\/archers-haucourt.fr\/wordpress\/wp-content\/uploads\/2017\/01\/IMG_20161221_193651-300x185.jpg 300w, https:\/\/archers-haucourt.fr\/wordpress\/wp-content\/uploads\/2017\/01\/IMG_20161221_193651-768x473.jpg 768w\" sizes=\"auto, (max-width: 670px) 100vw, 670px\" \/><\/a><\/p>\n","protected":false},"excerpt":{"rendered":"<p>R\u00e9compenses au sein du club : Femmes b\u00e9n\u00e9voles mars 2016 : \u00a0\u00a0\u00a0\u00a0\u00a0\u00a0\u00a0\u00a0\u00a0\u00a0\u00a0\u00a0\u00a0\u00a0\u00a0\u00a0\u00a0\u00a0\u00a0\u00a0\u00a0\u00a0\u00a0\u00a0\u00a0\u00a0\u00a0\u00a0\u00a0\u00a0\u00a0\u00a0\u00a0\u00a0\u00a0\u00a0\u00a0\u00a0\u00a0\u00a0\u00a0\u00a0\u00a0\u00a0\u00a0\u00a0\u00a0\u00a0\u00a0 Claire Poliseno &nbsp; M\u00e9daille de bronze jeunesse, sports et engagement associatif 30 janvier 2017\u00a0 Fran\u00e7ois Gu\u00e9bert Mairie Longwy\u00a0\u00a0\u00a0\u00a0\u00a0\u00a0\u00a0\u00a0\u00a0\u00a0\u00a0\u00a0\u00a0\u00a0\u00a0\u00a0\u00a0\u00a0\u00a0\u00a0\u00a0\u00a0\u00a0\u00a0\u00a0\u00a0\u00a0\u00a0\u00a0\u00a0\u00a0\u00a0\u00a0\u00a0\u00a0\u00a0\u00a0\u00a0\u00a0\u00a0\u00a0\u00a0\u00a0\u00a0\u00a0\u00a0\u00a0\u00a0\u00a0\u00a0\u00a0\u00a0\u00a0 \u00a0 \u00a0 \u00a0 \u00a0 \u00a0 \u00a0 \u00a0 \u00a0 \u00a0 \u00a0 \u00a0 \u00a0 \u00a0 \u00a0 \u00a0 \u00a0 \u00a0 \u00a0 \u00a0 \u00a0 \u00a0 \u00a0 \u00a0 \u00a0 \u00a0 [&hellip;]<\/p>\n","protected":false},"author":2,"featured_media":0,"parent":0,"menu_order":10,"comment_status":"closed","ping_status":"closed","template":"","meta":{"_bbp_topic_count":0,"_bbp_reply_count":0,"_bbp_total_topic_count":0,"_bbp_total_reply_count":0,"_bbp_voice_count":0,"_bbp_anonymous_reply_count":0,"_bbp_topic_count_hidden":0,"_bbp_reply_count_hidden":0,"_bbp_forum_subforum_count":0,"footnotes":""},"class_list":["post-2797","page","type-page","status-publish","hentry"],"jetpack_sharing_enabled":true,"_links":{"self":[{"href":"https:\/\/archers-haucourt.fr\/wordpress\/wp-json\/wp\/v2\/pages\/2797","targetHints":{"allow":["GET"]}}],"collection":[{"href":"https:\/\/archers-haucourt.fr\/wordpress\/wp-json\/wp\/v2\/pages"}],"about":[{"href":"https:\/\/archers-haucourt.fr\/wordpress\/wp-json\/wp\/v2\/types\/page"}],"author":[{"embeddable":true,"href":"https:\/\/archers-haucourt.fr\/wordpress\/wp-json\/wp\/v2\/users\/2"}],"replies":[{"embeddable":true,"href":"https:\/\/archers-haucourt.fr\/wordpress\/wp-json\/wp\/v2\/comments?post=2797"}],"version-history":[{"count":11,"href":"https:\/\/archers-haucourt.fr\/wordpress\/wp-json\/wp\/v2\/pages\/2797\/revisions"}],"predecessor-version":[{"id":3413,"href":"https:\/\/archers-haucourt.fr\/wordpress\/wp-json\/wp\/v2\/pages\/2797\/revisions\/3413"}],"wp:attachment":[{"href":"https:\/\/archers-haucourt.fr\/wordpress\/wp-json\/wp\/v2\/media?parent=2797"}],"curies":[{"name":"wp","href":"https:\/\/api.w.org\/{rel}","templated":true}]}}