{"id":353,"date":"2014-10-30T11:44:55","date_gmt":"2014-10-30T10:44:55","guid":{"rendered":"http:\/\/archers-longwy.fr\/wordpress\/?page_id=353"},"modified":"2021-05-17T11:24:17","modified_gmt":"2021-05-17T09:24:17","slug":"comite","status":"publish","type":"page","link":"https:\/\/archers-haucourt.fr\/wordpress\/le-club\/comite\/","title":{"rendered":"Comit\u00e9"},"content":{"rendered":"<p><a href=\"http:\/\/archers-longwy.fr\/wordpress\/wp-content\/uploads\/2014\/10\/comite-2016-\u00e0-2020.jpg\" rel=\"attachment wp-att-2560\"><img loading=\"lazy\" decoding=\"async\" src=\"http:\/\/archers-longwy.fr\/wordpress\/wp-content\/uploads\/2021\/05\/comite-directeur.jpg\" alt=\"\" width=\"711\" height=\"1005\" \/><\/a><\/p>\n<p>\u00e9lu \u00e0 l&#8217;assembl\u00e9e du samedi 29 octobre 2016 jusqu&#8217;\u00e0 la prochaine \u00e9lection en 2020<\/p>\n\n<table id=\"tablepress-5\" class=\"tablepress tablepress-id-5\">\n<tbody class=\"row-hover\">\n<tr class=\"row-1 odd\">\n\t<td class=\"column-1\"><strong>Pr\u00e9sident<\/strong><\/td><td class=\"column-2\">Fr\u00e9d\u00e9ric Nihotte<\/td><td class=\"column-3\">16 rue St Jules<br \/>\n54400 Longwy <\/td><td class=\"column-4\"><\/td>\n<\/tr>\n<tr class=\"row-2 even\">\n\t<td class=\"column-1\"><strong>Vice-Pr\u00e9sident<\/strong><\/td><td class=\"column-2\">Jean Luc Marchesi<\/td><td class=\"column-3\">23 rue du G\u00e9n\u00e9ral Leclerc<br \/>\n54260 Tellancourt <br \/>\n<\/td><td class=\"column-4\">jlsmarchesi54@orange.fr<\/td>\n<\/tr>\n<tr class=\"row-3 odd\">\n\t<td class=\"column-1\"><strong>Secr\u00e9taire<\/strong><\/td><td class=\"column-2\">Fran\u00e7ois Gu\u00e9bert<\/td><td class=\"column-3\">31 rue des forges <br \/>\n54870 Cons la Grandville <br \/>\n<\/td><td class=\"column-4\">secretaire@archers-longwy.fr<br \/>\n03 82 44 96 75<br \/>\n<\/td>\n<\/tr>\n<tr class=\"row-4 even\">\n\t<td class=\"column-1\"><strong>Tr\u00e9sorier<\/strong><\/td><td class=\"column-2\">Claire Poliseno<\/td><td class=\"column-3\">19 rue de Rodange<br \/>\n54650 Saulnes<\/td><td class=\"column-4\"><\/td>\n<\/tr>\n<tr class=\"row-5 odd\">\n\t<td class=\"column-1\"><strong>Membre<\/strong><\/td><td class=\"column-2\">S\u00e9bastien Cadronet<\/td><td class=\"column-3\">3 rue Jacques Pr\u00e9vert<br \/>\n54860 Haucourt Moulaine <\/td><td class=\"column-4\">06.28.37.47.66<\/td>\n<\/tr>\n<tr class=\"row-6 even\">\n\t<td class=\"column-1\"><strong>Membre<\/strong><\/td><td class=\"column-2\">Lucien Di Sabatino<\/td><td class=\"column-3\">21 all\u00e9e de la Sa\u00f4ne St Charles 54860 HAUCOURT MOULAINE<\/td><td class=\"column-4\">07.70.42.34.12<\/td>\n<\/tr>\n<tr class=\"row-7 odd\">\n\t<td class=\"column-1\"><strong>Pr\u00e9sident d'honneur<\/strong><\/td><td class=\"column-2\">Robert Faivre <\/td><td class=\"column-3\">Sarreguemines <\/td><td class=\"column-4\">0608 096 583<\/td>\n<\/tr>\n<tr class=\"row-8 even\">\n\t<td class=\"column-1\"><\/td><td class=\"column-2\"><\/td><td class=\"column-3\"><\/td><td class=\"column-4\"><\/td>\n<\/tr>\n<tr class=\"row-9 odd\">\n\t<td colspan=\"4\" class=\"column-1\"><strong>Entra\u00eeneurs<\/strong><\/td>\n<\/tr>\n<tr class=\"row-10 even\">\n\t<td class=\"column-1\"><\/td><td class=\"column-2\">Fran\u00e7ois Gu\u00e9bert<\/td><td class=\"column-3\">31 rue des forges <br \/>\n54870 Cons la Grandville <\/td><td class=\"column-4\">secretaire@archers-longwy.fr<br \/>\n03 82 44 96 75<\/td>\n<\/tr>\n<tr class=\"row-11 odd\">\n\t<td class=\"column-1\"><\/td><td class=\"column-2\">Joseph Myrteza<\/td><td class=\"column-3\">5 B chemin de la roche <br \/>\n54720 Cutry<br \/>\n<\/td><td class=\"column-4\">joseph.myrteza@free.fr<br \/>\n03.82.25.74.54<\/td>\n<\/tr>\n<\/tbody>\n<\/table>\n<!-- #tablepress-5 from cache -->\n","protected":false},"excerpt":{"rendered":"<p>\u00e9lu \u00e0 l&#8217;assembl\u00e9e du samedi 29 octobre 2016 jusqu&#8217;\u00e0 la prochaine \u00e9lection en 2020<\/p>\n","protected":false},"author":2,"featured_media":0,"parent":180,"menu_order":2,"comment_status":"closed","ping_status":"closed","template":"","meta":{"_bbp_topic_count":0,"_bbp_reply_count":0,"_bbp_total_topic_count":0,"_bbp_total_reply_count":0,"_bbp_voice_count":0,"_bbp_anonymous_reply_count":0,"_bbp_topic_count_hidden":0,"_bbp_reply_count_hidden":0,"_bbp_forum_subforum_count":0,"footnotes":""},"class_list":["post-353","page","type-page","status-publish","hentry"],"jetpack_sharing_enabled":true,"_links":{"self":[{"href":"https:\/\/archers-haucourt.fr\/wordpress\/wp-json\/wp\/v2\/pages\/353","targetHints":{"allow":["GET"]}}],"collection":[{"href":"https:\/\/archers-haucourt.fr\/wordpress\/wp-json\/wp\/v2\/pages"}],"about":[{"href":"https:\/\/archers-haucourt.fr\/wordpress\/wp-json\/wp\/v2\/types\/page"}],"author":[{"embeddable":true,"href":"https:\/\/archers-haucourt.fr\/wordpress\/wp-json\/wp\/v2\/users\/2"}],"replies":[{"embeddable":true,"href":"https:\/\/archers-haucourt.fr\/wordpress\/wp-json\/wp\/v2\/comments?post=353"}],"version-history":[{"count":4,"href":"https:\/\/archers-haucourt.fr\/wordpress\/wp-json\/wp\/v2\/pages\/353\/revisions"}],"predecessor-version":[{"id":4569,"href":"https:\/\/archers-haucourt.fr\/wordpress\/wp-json\/wp\/v2\/pages\/353\/revisions\/4569"}],"up":[{"embeddable":true,"href":"https:\/\/archers-haucourt.fr\/wordpress\/wp-json\/wp\/v2\/pages\/180"}],"wp:attachment":[{"href":"https:\/\/archers-haucourt.fr\/wordpress\/wp-json\/wp\/v2\/media?parent=353"}],"curies":[{"name":"wp","href":"https:\/\/api.w.org\/{rel}","templated":true}]}}