{"id":423,"date":"2014-10-31T11:44:17","date_gmt":"2014-10-31T10:44:17","guid":{"rendered":"http:\/\/archers-longwy.fr\/wordpress\/?page_id=423"},"modified":"2014-11-14T15:29:11","modified_gmt":"2014-11-14T14:29:11","slug":"tir-en-salle","status":"publish","type":"page","link":"https:\/\/archers-haucourt.fr\/wordpress\/e-propos-du-tir-a-larc\/disciplines\/tir-en-salle\/","title":{"rendered":"Tir en salle"},"content":{"rendered":"<p><span style=\"font-family: times new roman,times;\"><span class=\"mw-headline\">( source Wikip\u00e9dia ) <\/span><\/span><\/p>\n<p><span style=\"font-family: times new roman,times; font-size: large;\">En comp\u00e9tition, le tir en salle se pratique \u00e0 <span class=\"nowrap\">18\u00a0m\u00e8tres<\/span> sur blasons (cible) de \u00f840 cm (ou \u00f860 cm \u00e0 <span class=\"nowrap\">25\u00a0m<\/span>) ou sur \u00ab\u00a0trispots\u00a0\u00bb (trois spots align\u00e9s , \u00e9quivalents aux zones centrales du blason de \u00f840cm ou \u00f860 cm), en deux fois 10 vol\u00e9es de 3 fl\u00e8ches soit 60 fl\u00e8ches (sur les trispots, une fl\u00e8che par spot). <\/span><\/p>\n<p><span style=\"font-family: times new roman,times; font-size: large;\">En France, les 2 cat\u00e9gories Arcs nus (<em>barebow<\/em>) Hommes et Femmes ont \u00e9t\u00e9 cr\u00e9\u00e9es en 2006 et tirent sur cibles de \u00f840 cm \u00e0 <span class=\"nowrap\">18\u00a0m<\/span> Depuis 2007, les jeunes &#8220;poussins&#8221; peuvent concourir et doivent tirer sur blasons de <span class=\"nowrap\">80\u00a0cm<\/span> de diam\u00e8tre. les benjamins, et minimes tirent sur des blasons \u00f860 \u00e0 <span class=\"nowrap\">18\u00a0m<\/span> et \u00f880 \u00e0 <span class=\"nowrap\">25\u00a0m.<\/span> <\/span><\/p>\n<p><span style=\"font-family: times new roman,times; font-size: large;\">Il existe aussi une discipline appel\u00e9e \u00ab\u00a0FITA Salle\u00a0\u00bb qui est l&#8217;ancienne formule du tir en salle o\u00f9 l&#8217;on tire aux distances (60 fl\u00e8ches \u00e0 <span class=\"nowrap\">18\u00a0m<\/span> et 60 fl\u00e8ches \u00e0 <span class=\"nowrap\">25\u00a0m<\/span>, ordre au choix de l&#8217;organisateur).<\/span><\/p>\n<hr \/>\n<p>Photos : archer club Longwy<\/p>\n<p><a href=\"http:\/\/archers-longwy.fr\/wordpress\/wp-content\/uploads\/2014\/10\/dsc04801.jpg\" rel=\"attachment wp-att-64\"><br \/>\n<\/a><a href=\"http:\/\/archers-longwy.fr\/wordpress\/wp-content\/uploads\/2014\/10\/dsc04801.jpg\" rel=\"attachment wp-att-64\"><img loading=\"lazy\" decoding=\"async\" class=\"alignnone wp-image-64 size-large\" src=\"http:\/\/archers-longwy.fr\/wordpress\/wp-content\/uploads\/2014\/10\/dsc04801-1024x409.jpg\" alt=\"dsc04801\" width=\"670\" height=\"267\" srcset=\"https:\/\/archers-haucourt.fr\/wordpress\/wp-content\/uploads\/2014\/10\/dsc04801-1024x409.jpg 1024w, https:\/\/archers-haucourt.fr\/wordpress\/wp-content\/uploads\/2014\/10\/dsc04801-300x119.jpg 300w\" sizes=\"auto, (max-width: 670px) 100vw, 670px\" \/><\/a><\/p>\n<p>&nbsp;<\/p>\n<p><a href=\"http:\/\/archers-longwy.fr\/wordpress\/wp-content\/uploads\/2014\/10\/IMG_2512.jpg\" rel=\"attachment wp-att-64\"><br \/>\n<\/a><a href=\"http:\/\/archers-longwy.fr\/wordpress\/wp-content\/uploads\/2014\/10\/img_2512.jpg\" rel=\"attachment wp-att-64\"><img loading=\"lazy\" decoding=\"async\" class=\"alignleft wp-image-84 size-medium\" src=\"http:\/\/archers-longwy.fr\/wordpress\/wp-content\/uploads\/2014\/10\/img_2512-300x199.jpg\" alt=\"\" width=\"300\" height=\"199\" srcset=\"https:\/\/archers-haucourt.fr\/wordpress\/wp-content\/uploads\/2014\/10\/img_2512-300x199.jpg 300w, https:\/\/archers-haucourt.fr\/wordpress\/wp-content\/uploads\/2014\/10\/img_2512-1024x682.jpg 1024w, https:\/\/archers-haucourt.fr\/wordpress\/wp-content\/uploads\/2014\/10\/img_2512.jpg 1280w\" sizes=\"auto, (max-width: 300px) 100vw, 300px\" \/><\/a><a href=\"http:\/\/archers-longwy.fr\/wordpress\/wp-content\/uploads\/2014\/10\/img_2483.jpg\" rel=\"attachment wp-att-64\"><img loading=\"lazy\" decoding=\"async\" class=\"alignnone wp-image-83 size-medium\" src=\"http:\/\/archers-longwy.fr\/wordpress\/wp-content\/uploads\/2014\/10\/img_2483-300x199.jpg\" alt=\"\" width=\"300\" height=\"199\" srcset=\"https:\/\/archers-haucourt.fr\/wordpress\/wp-content\/uploads\/2014\/10\/img_2483-300x199.jpg 300w, https:\/\/archers-haucourt.fr\/wordpress\/wp-content\/uploads\/2014\/10\/img_2483-1024x682.jpg 1024w, https:\/\/archers-haucourt.fr\/wordpress\/wp-content\/uploads\/2014\/10\/img_2483.jpg 1280w\" sizes=\"auto, (max-width: 300px) 100vw, 300px\" \/><\/a><\/p>\n<h2>Dix ou pas 10 ? 29 ou 30 ?<\/h2>\n<p>&nbsp;<\/p>\n<p><a href=\"http:\/\/archers-longwy.fr\/wordpress\/wp-content\/uploads\/2014\/10\/img_2451.jpg\" rel=\"attachment wp-att-64\"><img loading=\"lazy\" decoding=\"async\" class=\"alignnone wp-image-81 size-large\" src=\"http:\/\/archers-longwy.fr\/wordpress\/wp-content\/uploads\/2014\/10\/img_2451-1024x696.jpg\" alt=\"\" width=\"670\" height=\"455\" srcset=\"https:\/\/archers-haucourt.fr\/wordpress\/wp-content\/uploads\/2014\/10\/img_2451-1024x696.jpg 1024w, https:\/\/archers-haucourt.fr\/wordpress\/wp-content\/uploads\/2014\/10\/img_2451-300x203.jpg 300w, https:\/\/archers-haucourt.fr\/wordpress\/wp-content\/uploads\/2014\/10\/img_2451.jpg 1280w\" sizes=\"auto, (max-width: 670px) 100vw, 670px\" \/><\/a><\/p>\n<p><a href=\"http:\/\/archers-longwy.fr\/wordpress\/wp-content\/uploads\/2014\/10\/img_2453.jpg\" rel=\"attachment wp-att-64\"><img loading=\"lazy\" decoding=\"async\" class=\"alignnone wp-image-82 size-large\" src=\"http:\/\/archers-longwy.fr\/wordpress\/wp-content\/uploads\/2014\/10\/img_2453-1024x792.jpg\" alt=\"\" width=\"670\" height=\"518\" srcset=\"https:\/\/archers-haucourt.fr\/wordpress\/wp-content\/uploads\/2014\/10\/img_2453-1024x792.jpg 1024w, https:\/\/archers-haucourt.fr\/wordpress\/wp-content\/uploads\/2014\/10\/img_2453-300x232.jpg 300w, https:\/\/archers-haucourt.fr\/wordpress\/wp-content\/uploads\/2014\/10\/img_2453.jpg 1280w\" sizes=\"auto, (max-width: 670px) 100vw, 670px\" \/><\/a><\/p>\n<p><a title=\"Disciplines\" href=\"http:\/\/archers-longwy.fr\/wordpress\/e-propos-du-tir-a-larc\/disciplines\/\"><span style=\"text-decoration: underline;\"><strong>Retour page pr\u00e9c\u00e9dente<\/strong> <\/span><\/a>\u00a0 \u00a0\u00a0 <a title=\"Accueil\" href=\"http:\/\/archers-longwy.fr\/wordpress\/\"><span style=\"text-decoration: underline;\"><strong>Retour vers accueil<\/strong> <\/span><\/a><\/p>\n","protected":false},"excerpt":{"rendered":"<p>( source Wikip\u00e9dia ) En comp\u00e9tition, le tir en salle se pratique \u00e0 18\u00a0m\u00e8tres sur blasons (cible) de \u00f840 cm (ou \u00f860 cm \u00e0 25\u00a0m) ou sur \u00ab\u00a0trispots\u00a0\u00bb (trois spots align\u00e9s , \u00e9quivalents aux zones centrales du blason de \u00f840cm ou \u00f860 cm), en deux fois 10 vol\u00e9es de 3 fl\u00e8ches soit 60 fl\u00e8ches (sur [&hellip;]<\/p>\n","protected":false},"author":2,"featured_media":0,"parent":421,"menu_order":1,"comment_status":"closed","ping_status":"closed","template":"","meta":{"_bbp_topic_count":0,"_bbp_reply_count":0,"_bbp_total_topic_count":0,"_bbp_total_reply_count":0,"_bbp_voice_count":0,"_bbp_anonymous_reply_count":0,"_bbp_topic_count_hidden":0,"_bbp_reply_count_hidden":0,"_bbp_forum_subforum_count":0,"footnotes":""},"class_list":["post-423","page","type-page","status-publish","hentry"],"jetpack_sharing_enabled":true,"_links":{"self":[{"href":"https:\/\/archers-haucourt.fr\/wordpress\/wp-json\/wp\/v2\/pages\/423","targetHints":{"allow":["GET"]}}],"collection":[{"href":"https:\/\/archers-haucourt.fr\/wordpress\/wp-json\/wp\/v2\/pages"}],"about":[{"href":"https:\/\/archers-haucourt.fr\/wordpress\/wp-json\/wp\/v2\/types\/page"}],"author":[{"embeddable":true,"href":"https:\/\/archers-haucourt.fr\/wordpress\/wp-json\/wp\/v2\/users\/2"}],"replies":[{"embeddable":true,"href":"https:\/\/archers-haucourt.fr\/wordpress\/wp-json\/wp\/v2\/comments?post=423"}],"version-history":[{"count":2,"href":"https:\/\/archers-haucourt.fr\/wordpress\/wp-json\/wp\/v2\/pages\/423\/revisions"}],"predecessor-version":[{"id":967,"href":"https:\/\/archers-haucourt.fr\/wordpress\/wp-json\/wp\/v2\/pages\/423\/revisions\/967"}],"up":[{"embeddable":true,"href":"https:\/\/archers-haucourt.fr\/wordpress\/wp-json\/wp\/v2\/pages\/421"}],"wp:attachment":[{"href":"https:\/\/archers-haucourt.fr\/wordpress\/wp-json\/wp\/v2\/media?parent=423"}],"curies":[{"name":"wp","href":"https:\/\/api.w.org\/{rel}","templated":true}]}}