{"id":425,"date":"2014-10-31T11:50:05","date_gmt":"2014-10-31T10:50:05","guid":{"rendered":"http:\/\/archers-longwy.fr\/wordpress\/?page_id=425"},"modified":"2014-11-14T15:29:11","modified_gmt":"2014-11-14T14:29:11","slug":"fita","status":"publish","type":"page","link":"https:\/\/archers-haucourt.fr\/wordpress\/e-propos-du-tir-a-larc\/disciplines\/fita\/","title":{"rendered":"FITA"},"content":{"rendered":"<h1 align=\"center\">Tir FITA ou tir olympique (r\u00e8glement FITA)<\/h1>\n<div align=\"center\"><\/div>\n<p>Tir sur cible en plein air, sur terrain plat (par ex. un terrain de sport). Il s&#8217;agit de la discipline <a title=\"Jeux olympiques\" href=\"http:\/\/fr.wikipedia.org\/wiki\/Jeux_olympiques\">olympique<\/a>. Le tir se pratique \u00e0 des distances de 90, 70, 50 et 30 m pour les hommes et 70, 60, 50 et 30 m pour les femmes. La distance est limit\u00e9e \u00e0 50 m pour les minimes et 30 m pour les benjamins, sur <a title=\"Blason\" href=\"http:\/\/fr.wikipedia.org\/wiki\/Blason\">blason<\/a> de 1,22 m (90, 70 et 60 m), et 80 cm (50 et 30 m). 144 fl\u00e8ches sont tir\u00e9es en 24 vol\u00e9es de six fl\u00e8ches, 6 vol\u00e9es par distance.<\/p>\n<p>Actuellement (en France uniquement) le FITA se tire pour les adultes \u00e0 70 m, en deux s\u00e9ries de 6 vol\u00e9es de 6 fl\u00e8ches, conform\u00e9ment au r\u00e8glement olympique, c&#8217;est pourquoi il est parfois aussi appel\u00e9 Tir 2x70m. Les quatre distances, 90, 70, 50 et 30 m ne se pratiquent plus que pendant un tir nomm\u00e9 FITA STAR.<\/p>\n<p>Aux <a title=\"Jeux olympiques\" href=\"http:\/\/fr.wikipedia.org\/wiki\/Jeux_olympiques\">Jeux olympiques<\/a>, on tire uniquement \u00e0 la distance de 70 m\u00e8tres, sur des cibles de 122 cm et uniquement avec un arc classique.<\/p>\n<p>Depuis l&#8217;ann\u00e9e 2000, le tir FITA conna\u00eet deux variantes :<\/p>\n<ul>\n<li>le tir FITA Olympique<\/li>\n<li>le tir FITA Star<\/li>\n<\/ul>\n<hr \/>\n<p>&nbsp;<\/p>\n<h2 class=\"titre-kaki\">FITA Olympique<span style=\"font-family: times new roman,times; font-size: medium;\"><br \/>\n<\/span> <span style=\"font-family: times new roman,times; font-size: medium;\"><img decoding=\"async\" src=\"http:\/\/archers.usmt.free.fr\/images\/ligne.gif\" alt=\"\" \/><\/span><\/h2>\n<p><span style=\"font-family: times new roman,times; font-size: medium;\">La comp\u00e9tition comporte deux parties :<\/span><\/p>\n<ul>\n<li class=\"rouge\"><span style=\"font-family: times new roman,times; font-size: medium;\"> <span class=\"texte-gras\">phases qualificatives<\/span> : les archers tirent 36 fl\u00e8ches (6 vol\u00e9es de 6 fl\u00e8ches en 4mn).<\/span><\/li>\n<\/ul>\n<table class=\"texte\" style=\"width: 550px;\" border=\"2\" cellspacing=\"0\" cellpadding=\"3\">\n<tbody>\n<tr>\n<td valign=\"middle\" bgcolor=\"#CCCCCC\" width=\"150\"><span style=\"font-family: times new roman,times; font-size: medium;\">Distance<\/span><\/td>\n<td class=\"texte-gras-vert\" valign=\"middle\" bgcolor=\"#EEEEEE\" width=\"250\"><span style=\"font-family: times new roman,times; font-size: medium;\">suivant cat\u00e9gories <\/span><\/td>\n<td rowspan=\"6\" align=\"center\" valign=\"middle\" bgcolor=\"#EEEEEE\" width=\"150\"><span style=\"font-family: times new roman,times; font-size: medium;\"><img loading=\"lazy\" decoding=\"async\" src=\"http:\/\/archers.usmt.free.fr\/images\/tir_arc\/blason_fita.gif\" alt=\"\" width=\"100\" height=\"100\" \/><\/span><\/td>\n<\/tr>\n<tr>\n<td valign=\"middle\" bgcolor=\"#CCCCCC\"><span style=\"font-family: times new roman,times; font-size: medium;\">D\u00e9roulement<\/span><\/td>\n<td class=\"texte-gras-vert\" valign=\"middle\" bgcolor=\"#EEEEEE\"><span style=\"font-family: times new roman,times; font-size: medium;\">2 s\u00e9ries de 6 vol\u00e9es de 6 fl\u00e8ches <\/span><\/td>\n<\/tr>\n<tr>\n<td valign=\"middle\" bgcolor=\"#CCCCCC\"><span style=\"font-family: times new roman,times; font-size: medium;\">Blason<\/span><\/td>\n<td class=\"texte-gras-vert\" valign=\"middle\" bgcolor=\"#EEEEEE\"><span style=\"font-family: times new roman,times; font-size: medium;\">&#8220;anglais&#8221; suivant cat\u00e9gories <\/span><\/td>\n<\/tr>\n<tr>\n<td valign=\"middle\" bgcolor=\"#CCCCCC\"><span style=\"font-family: times new roman,times; font-size: medium;\">Zone de points <\/span><\/td>\n<td class=\"texte-gras-vert\" valign=\"middle\" bgcolor=\"#EEEEEE\"><span style=\"font-family: times new roman,times; font-size: medium;\">de 1 \u00e0 10 pts<\/span><\/td>\n<\/tr>\n<tr>\n<td valign=\"middle\" bgcolor=\"#CCCCCC\"><span style=\"font-family: times new roman,times; font-size: medium;\">Total de points <\/span><\/td>\n<td class=\"texte-gras-rouge\" valign=\"middle\" bgcolor=\"#EEEEEE\"><span style=\"font-family: times new roman,times; font-size: medium;\">720<\/span><\/td>\n<\/tr>\n<tr>\n<td valign=\"middle\" bgcolor=\"#CCCCCC\"><span style=\"font-family: times new roman,times; font-size: medium;\">Dur\u00e9e<\/span><\/td>\n<td class=\"texte-gras-vert\" valign=\"middle\" bgcolor=\"#EEEEEE\"><span style=\"font-family: times new roman,times; font-size: medium;\">4 min. par vol\u00e9e + 20 s d&#8217;approche <\/span><\/td>\n<\/tr>\n<\/tbody>\n<\/table>\n<ul>\n<li class=\"gris\"><span style=\"font-family: times new roman,times; font-size: medium;\"> Les distances<\/span><\/li>\n<\/ul>\n<table class=\"texte\" style=\"width: 100%;\" border=\"2\" cellspacing=\"0\" cellpadding=\"2\" bgcolor=\"#EEEEEE\">\n<tbody>\n<tr>\n<td colspan=\"2\" align=\"right\"><span style=\"font-family: times new roman,times; font-size: medium;\">Cat\u00e9gories<\/span><\/td>\n<td align=\"center\" width=\"96\"><span style=\"font-family: times new roman,times; font-size: medium;\">Benjamins<\/span><\/td>\n<td align=\"center\" width=\"96\"><span style=\"font-family: times new roman,times; font-size: medium;\">Minimes<\/span><\/td>\n<td align=\"center\" width=\"96\"><span style=\"font-family: times new roman,times; font-size: medium;\">Cadets<\/span><\/td>\n<td align=\"center\" width=\"96\"><span style=\"font-family: times new roman,times; font-size: medium;\">Juniors<br \/>\nS\u00e9niors<\/span><\/td>\n<td align=\"center\" width=\"96\"><span style=\"font-family: times new roman,times; font-size: medium;\">V\u00e9t\u00e9rans<br \/>\nSuper V\u00e9t\u00e9rans<\/span><\/td>\n<\/tr>\n<tr>\n<td rowspan=\"2\" width=\"120\"><span style=\"font-family: times new roman,times; font-size: medium;\">Arc classique<\/span><\/td>\n<td class=\"texte-gras\" align=\"center\" width=\"34\"><span style=\"font-family: times new roman,times; font-size: medium;\">H<\/span><\/td>\n<td class=\"texte-gras-vert\" rowspan=\"2\" align=\"center\"><span style=\"font-family: times new roman,times; font-size: medium;\">2 x 30m <\/span><\/td>\n<td class=\"texte-gras-vert\" rowspan=\"2\" align=\"center\"><span style=\"font-family: times new roman,times; font-size: medium;\">2 x 50m <\/span><\/td>\n<td align=\"center\"><span style=\"font-family: times new roman,times; font-size: medium;\"><span class=\"texte-gras\">2 x 70m <\/span><br \/>\n<\/span><\/td>\n<td class=\"texte-gras-vert\" rowspan=\"2\" align=\"center\"><span style=\"font-family: times new roman,times; font-size: medium;\">2 x 70m <\/span><\/td>\n<td class=\"texte-gras\" align=\"center\"><span style=\"font-family: times new roman,times; font-size: medium;\">2 x 70m <\/span><\/td>\n<\/tr>\n<tr>\n<td class=\"texte-gras-rouge\" align=\"center\"><span style=\"font-family: times new roman,times; font-size: medium;\">F<\/span><\/td>\n<td align=\"center\"><span style=\"font-family: times new roman,times; font-size: medium;\"><span class=\"texte-gras-rouge\">2 x 60m<\/span><br \/>\n<\/span><\/td>\n<td class=\"texte-gras-rouge\" align=\"center\"><span style=\"font-family: times new roman,times; font-size: medium;\">2 x 60m <\/span><\/td>\n<\/tr>\n<tr>\n<td rowspan=\"2\" width=\"120\"><span style=\"font-family: times new roman,times; font-size: medium;\">Arc \u00e0 poulies <\/span><\/td>\n<td class=\"texte-gras\" align=\"center\"><span style=\"font-family: times new roman,times; font-size: medium;\">H<\/span><\/td>\n<td class=\"texte-gras-vert\" rowspan=\"2\" align=\"center\"><span style=\"font-family: times new roman,times; font-size: medium;\">2 x 30m <\/span><\/td>\n<td class=\"texte-gras-vert\" rowspan=\"2\" align=\"center\"><span style=\"font-family: times new roman,times; font-size: medium;\">2 x 50m <\/span><\/td>\n<td rowspan=\"2\" align=\"center\"><span style=\"font-family: times new roman,times; font-size: medium;\"><span class=\"texte-gras-vert\">2 x 70m<\/span><br \/>\n<\/span><\/td>\n<td class=\"texte-gras-vert\" rowspan=\"2\" align=\"center\"><span style=\"font-family: times new roman,times; font-size: medium;\">2 x 70m <\/span><\/td>\n<td class=\"texte-gras\" align=\"center\"><span style=\"font-family: times new roman,times; font-size: medium;\">2 x 70m <\/span><\/td>\n<\/tr>\n<tr>\n<td class=\"texte-gras-rouge\" align=\"center\"><span style=\"font-family: times new roman,times; font-size: medium;\">F<\/span><\/td>\n<td class=\"texte-gras-rouge\" align=\"center\"><span style=\"font-family: times new roman,times; font-size: medium;\">2 x 60m <\/span><\/td>\n<\/tr>\n<\/tbody>\n<\/table>\n<p><span style=\"font-family: times new roman,times; font-size: medium;\"><img decoding=\"async\" src=\"http:\/\/archers.usmt.free.fr\/images\/pointe_rouge.gif\" alt=\"\" \/> <span class=\"texte-gras\">phases finales<\/span> : \u00e0 l&#8217;issue de ce tir, les meilleurs archers (ce nombre peut varier) sont s\u00e9lectionn\u00e9s dans chaque cat\u00e9gorie.<\/span><\/p>\n<table class=\"texte\" style=\"width: 550px;\" border=\"2\" cellspacing=\"0\" cellpadding=\"3\">\n<tbody>\n<tr>\n<td valign=\"middle\" bgcolor=\"#CCCCCC\" width=\"150\"><span style=\"font-family: times new roman,times; font-size: medium;\">Distance<\/span><\/td>\n<td class=\"texte-gras-vert\" valign=\"middle\" bgcolor=\"#EEEEEE\" width=\"250\"><span style=\"font-family: times new roman,times; font-size: medium;\">70m<\/span><\/td>\n<td rowspan=\"6\" align=\"center\" valign=\"middle\" bgcolor=\"#EEEEEE\" width=\"150\"><span style=\"font-family: times new roman,times; font-size: medium;\"><img loading=\"lazy\" decoding=\"async\" src=\"http:\/\/archers.usmt.free.fr\/images\/tir_arc\/blason_fita.gif\" alt=\"\" width=\"100\" height=\"100\" \/><\/span><\/td>\n<\/tr>\n<tr>\n<td valign=\"middle\" bgcolor=\"#CCCCCC\"><span style=\"font-family: times new roman,times; font-size: medium;\">D\u00e9roulement<\/span><\/td>\n<td class=\"texte-gras-vert\" valign=\"middle\" bgcolor=\"#EEEEEE\"><span style=\"font-family: times new roman,times; font-size: medium;\">3 vol\u00e9es de 6 fl. \/ 4 vol\u00e9es de 3 fl. <\/span><\/td>\n<\/tr>\n<tr>\n<td valign=\"middle\" bgcolor=\"#CCCCCC\"><span style=\"font-family: times new roman,times; font-size: medium;\">Blason<\/span><\/td>\n<td class=\"texte-gras-vert\" valign=\"middle\" bgcolor=\"#EEEEEE\"><span style=\"font-family: times new roman,times; font-size: medium;\">&#8220;anglais&#8221; 122cm <\/span><\/td>\n<\/tr>\n<tr>\n<td valign=\"middle\" bgcolor=\"#CCCCCC\"><span style=\"font-family: times new roman,times; font-size: medium;\">Zone de points <\/span><\/td>\n<td class=\"texte-gras-vert\" valign=\"middle\" bgcolor=\"#EEEEEE\"><span style=\"font-family: times new roman,times; font-size: medium;\">de 1 \u00e0 10 pts<\/span><\/td>\n<\/tr>\n<tr>\n<td valign=\"middle\" bgcolor=\"#CCCCCC\"><span style=\"font-family: times new roman,times; font-size: medium;\">Total de points <\/span><\/td>\n<td class=\"texte-gras-rouge\" valign=\"middle\" bgcolor=\"#EEEEEE\"><span style=\"font-family: times new roman,times; font-size: medium;\">180 \/ 120 <\/span><\/td>\n<\/tr>\n<tr>\n<td valign=\"middle\" bgcolor=\"#CCCCCC\"><span style=\"font-family: times new roman,times; font-size: medium;\">Dur\u00e9e<\/span><\/td>\n<td class=\"texte-gras-vert\" valign=\"middle\" bgcolor=\"#EEEEEE\"><span style=\"font-family: times new roman,times; font-size: medium;\">4min. \/ 2min. + 20s d&#8217;approche <\/span><\/td>\n<\/tr>\n<\/tbody>\n<\/table>\n<p><span style=\"font-family: times new roman,times; font-size: medium;\">Commencent alors les 1\/8\u00e8me de finale. Les tireurs se rencontrent de la fa\u00e7on suivante : <\/span><\/p>\n<ul>\n<li class=\"gris\"><span style=\"font-family: times new roman,times; font-size: medium;\"> Le 1er rencontre 16\u00e8me<\/span><\/li>\n<li class=\"gris\"><span style=\"font-family: times new roman,times; font-size: medium;\"> le 2\u00e8me rencontre 15\u00e8me<\/span><\/li>\n<li class=\"gris\"><span style=\"font-family: times new roman,times; font-size: medium;\"> etc&#8230;<\/span><\/li>\n<\/ul>\n<p><span style=\"font-family: times new roman,times; font-size: medium;\">Du 1\/64\u00e8me au 8\u00e8me de finale, les archers tirent <span class=\"texte-gras-vert\">3 vol\u00e9es de 6 fl\u00e8ches en 4min<\/span>.<br \/>\nA partir des 1\/4 de finale jusqu&#8217;\u00e0 la finale, ils tirent <span class=\"texte-gras-vert\">4 vol\u00e9es de 3 fl\u00e8ches en 2 min<\/span>. La finale d\u00e9signera le gagnant du concours.<\/span><br \/>\n<span style=\"font-family: times new roman,times; font-size: medium;\"><img decoding=\"async\" src=\"http:\/\/archers.usmt.free.fr\/images\/tir_arc\/img1_fita.gif\" alt=\"\" \/><\/span> <span style=\"font-family: times new roman,times; font-size: medium;\"><br \/>\n<\/span><\/p>\n<p>&nbsp;<\/p>\n<hr \/>\n<p>&nbsp;<\/p>\n<h2>FITA Star<br \/>\n<img decoding=\"async\" src=\"http:\/\/archers.usmt.free.fr\/images\/ligne.gif\" alt=\"\" \/><\/h2>\n<table class=\"texte\" style=\"width: 550px;\" border=\"2\" cellspacing=\"0\" cellpadding=\"3\">\n<tbody>\n<tr>\n<td valign=\"middle\" bgcolor=\"#CCCCCC\" width=\"150\"><span style=\"font-family: times new roman,times; font-size: medium;\">Distance<\/span><\/td>\n<td class=\"texte-gras-vert\" valign=\"middle\" bgcolor=\"#EEEEEE\" width=\"250\"><span style=\"font-family: times new roman,times; font-size: medium;\">suivant cat\u00e9gories<\/span><\/td>\n<td rowspan=\"6\" align=\"center\" valign=\"middle\" bgcolor=\"#EEEEEE\" width=\"150\"><span style=\"font-family: times new roman,times; font-size: medium;\"><img loading=\"lazy\" decoding=\"async\" src=\"http:\/\/archers.usmt.free.fr\/images\/tir_arc\/blason_fita.gif\" alt=\"\" width=\"100\" height=\"100\" \/><\/span><\/td>\n<\/tr>\n<tr>\n<td valign=\"middle\" bgcolor=\"#CCCCCC\"><span style=\"font-family: times new roman,times; font-size: medium;\">D\u00e9roulement<\/span><\/td>\n<td class=\"texte-gras-vert\" valign=\"middle\" bgcolor=\"#EEEEEE\"><span style=\"font-family: times new roman,times; font-size: medium;\">suivant distances <\/span><\/td>\n<\/tr>\n<tr>\n<td valign=\"middle\" bgcolor=\"#CCCCCC\"><span style=\"font-family: times new roman,times; font-size: medium;\">Blason<\/span><\/td>\n<td class=\"texte-gras-vert\" valign=\"middle\" bgcolor=\"#EEEEEE\"><span style=\"font-family: times new roman,times; font-size: medium;\">&#8220;anglais&#8221; 80 et 122cm <\/span><\/td>\n<\/tr>\n<tr>\n<td valign=\"middle\" bgcolor=\"#CCCCCC\"><span style=\"font-family: times new roman,times; font-size: medium;\">Zone de points <\/span><\/td>\n<td class=\"texte-gras-vert\" valign=\"middle\" bgcolor=\"#EEEEEE\"><span style=\"font-family: times new roman,times; font-size: medium;\">de 1 \u00e0 10 pts<\/span><\/td>\n<\/tr>\n<tr>\n<td valign=\"middle\" bgcolor=\"#CCCCCC\"><span style=\"font-family: times new roman,times; font-size: medium;\">Total de points <\/span><\/td>\n<td class=\"texte-gras-rouge\" valign=\"middle\" bgcolor=\"#EEEEEE\"><span style=\"font-family: times new roman,times; font-size: medium;\">1440<\/span><\/td>\n<\/tr>\n<tr>\n<td valign=\"middle\" bgcolor=\"#CCCCCC\"><span style=\"font-family: times new roman,times; font-size: medium;\">Dur\u00e9e<\/span><\/td>\n<td class=\"texte-gras-vert\" valign=\"middle\" bgcolor=\"#EEEEEE\"><span style=\"font-family: times new roman,times; font-size: medium;\">suivant distances <\/span><\/td>\n<\/tr>\n<\/tbody>\n<\/table>\n<p><span style=\"font-family: times new roman,times; font-size: medium;\">Les archers tirent 36 fl\u00e8ches \u00e0 des distances diff\u00e9rentes selon leur cat\u00e9gorie.<\/span><\/p>\n<p><span style=\"font-family: times new roman,times; font-size: medium;\">Aux longues distances (blasons 122cm), les archers tirent 6 vol\u00e9es (6 fl\u00e8ches) en 4 minutes. Aux courtes distances (blasons 80cm), les archers tirent 12 vol\u00e9es (3 fl\u00e8ches) en 2 minutes.<\/span><\/p>\n<ul>\n<li class=\"rouge\"><span style=\"font-family: times new roman,times; font-size: medium;\"> <span class=\"texte-gras\">Les distances<\/span><\/span><\/li>\n<\/ul>\n<table class=\"texte\" style=\"width: 100%;\" border=\"2\" cellspacing=\"0\" cellpadding=\"2\" bgcolor=\"#EEEEEE\">\n<tbody>\n<tr>\n<td colspan=\"2\" align=\"right\"><span style=\"font-family: times new roman,times; font-size: medium;\">Cat\u00e9gories<\/span><\/td>\n<td align=\"center\" width=\"96\"><span style=\"font-family: times new roman,times; font-size: medium;\">Benjamins<\/span><\/td>\n<td align=\"center\" width=\"96\"><span style=\"font-family: times new roman,times; font-size: medium;\">Minimes<\/span><\/td>\n<td align=\"center\" width=\"96\"><span style=\"font-family: times new roman,times; font-size: medium;\">Cadets<\/span><\/td>\n<td align=\"center\" width=\"96\"><span style=\"font-family: times new roman,times; font-size: medium;\">Juniors<br \/>\nS\u00e9niors<\/span><\/td>\n<td align=\"center\" width=\"96\"><span style=\"font-family: times new roman,times; font-size: medium;\">V\u00e9t\u00e9rans<br \/>\nSuper V\u00e9t\u00e9rans<\/span><\/td>\n<\/tr>\n<tr>\n<td rowspan=\"2\" width=\"114\"><span style=\"font-family: times new roman,times; font-size: medium;\">Arc classique<\/span><\/td>\n<td class=\"texte-gras\" align=\"center\" width=\"40\"><span style=\"font-family: times new roman,times; font-size: medium;\">H<\/span><\/td>\n<td class=\"texte-gras-vert\" rowspan=\"2\" align=\"center\"><span style=\"font-family: times new roman,times; font-size: medium;\">2x30m (122cm)<\/span>2x20m (80cm)<\/td>\n<td class=\"texte-gras-vert\" rowspan=\"2\" align=\"center\"><span style=\"font-family: times new roman,times; font-size: medium;\">2x50m (122cm<\/span>2x30m (80cm)<\/td>\n<td align=\"center\"><span style=\"font-family: times new roman,times; font-size: medium;\"><span class=\"texte-gras\">2x70m (122cm)<br \/>\n1x50m (80cm)<br \/>\n1x30m (80cm)<\/span><\/span><\/td>\n<td class=\"texte-gras\" align=\"center\"><span style=\"font-family: times new roman,times; font-size: medium;\">1x90m (122cm)<br \/>\n1x70m (122cm)<br \/>\n1x50m (80cm)<br \/>\n1x30m (80cm)<\/span><\/td>\n<td class=\"texte-gras\" align=\"center\"><span style=\"font-family: times new roman,times; font-size: medium;\"><span class=\"texte-gras\">2x70m (122cm)<br \/>\n1x50m (80cm)<br \/>\n1x30m (80cm)<\/span><\/span><\/td>\n<\/tr>\n<tr>\n<td class=\"texte-gras-rouge\" align=\"center\"><span style=\"font-family: times new roman,times; font-size: medium;\">F<\/span><\/td>\n<td class=\"texte-gras-rouge\" align=\"center\"><span style=\"font-family: times new roman,times; font-size: medium;\">2x60m (122cm)<br \/>\n1x50m (80cm)<br \/>\n1x30m (80cm)<br \/>\n<\/span><\/td>\n<td class=\"texte-gras-rouge\" align=\"center\"><span style=\"font-family: times new roman,times; font-size: medium;\">1x70m (122cm)<br \/>\n1x60m (122cm)<br \/>\n1x50m (80cm)<br \/>\n1x30m (80cm)<\/span><\/td>\n<td class=\"texte-gras-rouge\" align=\"center\"><span style=\"font-family: times new roman,times; font-size: medium;\">2x60m (122cm)<br \/>\n1x50m (80cm)<br \/>\n1x30m (80cm)<\/span><\/td>\n<\/tr>\n<tr>\n<td rowspan=\"2\" width=\"114\"><span style=\"font-family: times new roman,times; font-size: medium;\">Arc \u00e0 poulies <\/span><\/td>\n<td class=\"texte-gras\" align=\"center\"><span style=\"font-family: times new roman,times; font-size: medium;\">H<\/span><\/td>\n<td class=\"texte-gras-vert\" rowspan=\"2\" align=\"center\"><span style=\"font-family: times new roman,times; font-size: medium;\">2x30m (122cm)<\/span>2x20m (80cm)<\/td>\n<td class=\"texte-gras-vert\" rowspan=\"2\" align=\"center\"><span style=\"font-family: times new roman,times; font-size: medium;\">2x50m (122cm)<\/span>2x30m (80cm)<\/td>\n<td class=\"texte-gras\" align=\"center\"><span style=\"font-family: times new roman,times; font-size: medium;\">1x90m (122cm)<br \/>\n1x70m (122cm)<br \/>\n1x50m (80cm)<br \/>\n1x30m (80cm)<\/span><\/td>\n<td class=\"texte-gras\" align=\"center\"><span style=\"font-family: times new roman,times; font-size: medium;\">1x90m (122cm)<br \/>\n1x70m (122cm)<br \/>\n1x50m (80cm)<br \/>\n1x30m (80cm)<\/span><\/td>\n<td class=\"texte-gras\" align=\"center\"><span style=\"font-family: times new roman,times; font-size: medium;\">2x70m (122cm)<br \/>\n1x50m (80cm)<br \/>\n1x30m (80cm)<\/span><\/td>\n<\/tr>\n<tr>\n<td class=\"texte-gras-rouge\" align=\"center\"><span style=\"font-family: times new roman,times; font-size: medium;\">F<\/span><\/td>\n<td class=\"texte-gras-rouge\" align=\"center\"><span style=\"font-family: times new roman,times; font-size: medium;\">1x70m (122cm)<br \/>\n1x60m (122cm)<br \/>\n1x50m (80cm)<br \/>\n1x30m (80cm)<\/span><\/td>\n<td class=\"texte-gras-rouge\" align=\"center\"><span style=\"font-family: times new roman,times; font-size: medium;\">1x70m (122cm)<br \/>\n1x60m (122cm)<br \/>\n1x50m (80cm)<br \/>\n1x30m (80cm)<\/span><\/td>\n<td class=\"texte-gras-rouge\" align=\"center\"><span style=\"font-family: times new roman,times; font-size: medium;\">2x60m (122cm)<br \/>\n1x50m (80cm)<br \/>\n1x30m (80cm)<\/span><\/td>\n<\/tr>\n<\/tbody>\n<\/table>\n<ul>\n<li class=\"rouge\"><span style=\"font-family: times new roman,times; font-size: medium;\"> <span class=\"texte-gras\">Les distinctions<\/span><\/span><\/li>\n<\/ul>\n<table class=\"texte\" style=\"width: 550px;\" border=\"2\" cellspacing=\"0\" cellpadding=\"3\">\n<tbody>\n<tr>\n<td bgcolor=\"#666666\"><\/td>\n<td align=\"center\" width=\"100\"><span style=\"font-family: times new roman,times; font-size: medium;\">1000 points<\/span><\/td>\n<td colspan=\"2\" align=\"center\"><span style=\"font-family: times new roman,times; font-size: medium;\">de 1100 \u00e0 1400 points<\/span><\/td>\n<\/tr>\n<tr>\n<td width=\"94\"><span style=\"font-family: times new roman,times; font-size: medium;\">Arc classique<\/span><\/td>\n<td align=\"center\" valign=\"top\"><span style=\"font-family: times new roman,times; font-size: medium;\"><img decoding=\"async\" src=\"http:\/\/archers.usmt.free.fr\/images\/tir_arc\/fistar1000cl.gif\" alt=\"\" \/><\/span><\/td>\n<td align=\"center\" width=\"220\"><span style=\"font-family: times new roman,times; font-size: medium;\"><img decoding=\"async\" src=\"http:\/\/archers.usmt.free.fr\/images\/tir_arc\/fistar1100cl.gif\" alt=\"\" \/> <img decoding=\"async\" src=\"http:\/\/archers.usmt.free.fr\/images\/tir_arc\/fistar1300cl.gif\" alt=\"\" \/><\/span><\/td>\n<td rowspan=\"2\" width=\"167\"><span style=\"font-family: times new roman,times; font-size: medium;\"> couleur de fond :<\/span>1100 points : <span class=\"texte-gras-vert\">noir<\/span><br \/>\n1200 points :<span class=\"texte-gras-vert\"> bleu<\/span><br \/>\n1300 points : <span class=\"texte-gras-vert\">rouge<\/span><br \/>\n1350 points : <span class=\"texte-gras-vert\">or<\/span><br \/>\n1400 points : <span class=\"texte-gras-vert\"> mauve<\/span><\/td>\n<\/tr>\n<tr>\n<td><span style=\"font-family: times new roman,times; font-size: medium;\">Arc \u00e0 poulies <\/span><\/td>\n<td align=\"center\"><span style=\"font-family: times new roman,times; font-size: medium;\"><img decoding=\"async\" src=\"http:\/\/archers.usmt.free.fr\/images\/tir_arc\/fistar1000co.gif\" alt=\"\" \/><\/span><\/td>\n<td align=\"center\" width=\"220\"><span style=\"font-family: times new roman,times; font-size: medium;\"><img decoding=\"async\" src=\"http:\/\/archers.usmt.free.fr\/images\/tir_arc\/fistar1200co.gif\" alt=\"\" \/> <img decoding=\"async\" src=\"http:\/\/archers.usmt.free.fr\/images\/tir_arc\/fistar1350co.gif\" alt=\"\" \/><\/span><\/td>\n<\/tr>\n<\/tbody>\n<\/table>\n","protected":false},"excerpt":{"rendered":"<p>Tir FITA ou tir olympique (r\u00e8glement FITA) Tir sur cible en plein air, sur terrain plat (par ex. un terrain de sport). Il s&#8217;agit de la discipline olympique. Le tir se pratique \u00e0 des distances de 90, 70, 50 et 30 m pour les hommes et 70, 60, 50 et 30 m pour les femmes. [&hellip;]<\/p>\n","protected":false},"author":2,"featured_media":0,"parent":421,"menu_order":2,"comment_status":"closed","ping_status":"closed","template":"","meta":{"_bbp_topic_count":0,"_bbp_reply_count":0,"_bbp_total_topic_count":0,"_bbp_total_reply_count":0,"_bbp_voice_count":0,"_bbp_anonymous_reply_count":0,"_bbp_topic_count_hidden":0,"_bbp_reply_count_hidden":0,"_bbp_forum_subforum_count":0,"footnotes":""},"class_list":["post-425","page","type-page","status-publish","hentry"],"jetpack_sharing_enabled":true,"_links":{"self":[{"href":"https:\/\/archers-haucourt.fr\/wordpress\/wp-json\/wp\/v2\/pages\/425","targetHints":{"allow":["GET"]}}],"collection":[{"href":"https:\/\/archers-haucourt.fr\/wordpress\/wp-json\/wp\/v2\/pages"}],"about":[{"href":"https:\/\/archers-haucourt.fr\/wordpress\/wp-json\/wp\/v2\/types\/page"}],"author":[{"embeddable":true,"href":"https:\/\/archers-haucourt.fr\/wordpress\/wp-json\/wp\/v2\/users\/2"}],"replies":[{"embeddable":true,"href":"https:\/\/archers-haucourt.fr\/wordpress\/wp-json\/wp\/v2\/comments?post=425"}],"version-history":[{"count":1,"href":"https:\/\/archers-haucourt.fr\/wordpress\/wp-json\/wp\/v2\/pages\/425\/revisions"}],"predecessor-version":[{"id":1083,"href":"https:\/\/archers-haucourt.fr\/wordpress\/wp-json\/wp\/v2\/pages\/425\/revisions\/1083"}],"up":[{"embeddable":true,"href":"https:\/\/archers-haucourt.fr\/wordpress\/wp-json\/wp\/v2\/pages\/421"}],"wp:attachment":[{"href":"https:\/\/archers-haucourt.fr\/wordpress\/wp-json\/wp\/v2\/media?parent=425"}],"curies":[{"name":"wp","href":"https:\/\/api.w.org\/{rel}","templated":true}]}}