{"id":435,"date":"2014-10-31T12:04:39","date_gmt":"2014-10-31T11:04:39","guid":{"rendered":"http:\/\/archers-longwy.fr\/wordpress\/?page_id=435"},"modified":"2014-11-14T15:29:52","modified_gmt":"2014-11-14T14:29:52","slug":"nature","status":"publish","type":"page","link":"https:\/\/archers-haucourt.fr\/wordpress\/e-propos-du-tir-a-larc\/disciplines\/nature\/","title":{"rendered":"Nature"},"content":{"rendered":"<h1>Tir nature (r\u00e8glement FITA)<\/h1>\n<p>&nbsp;<\/p>\n<p><span style=\"font-family: times new roman,times; font-size: medium;\">Le tir nature est un parcours de 21 cibles plac\u00e9es \u00e0 distances variables (5 \u00e0 40m) qui se pratique en pleine nature. Les cibles sont des images animali\u00e8res comportant une zone tu\u00e9e et une zone bless\u00e9e. Sur chaque cible l&#8217;archer doit \u00e9valuer la distance et tirer 2 fl\u00e8ches en 30 ou 45 secondes (en fonction du type d&#8217;arc et\/ou de la cat\u00e9gorie d&#8217;\u00e2ge), chaque fl\u00e8che \u00e9tant tir\u00e9e d&#8217;un pas de tir diff\u00e9rent. Un concours officiel se d\u00e9roule sur 2 parcours de 21 cibles dans la journ\u00e9e. La discipline requiert les caract\u00e9ristiques suivantes: d\u00e9placement et tir rapide, pr\u00e9cision. En aucun cas cette discipline ne doit \u00eatre compar\u00e9e \u00e0 la chasse o\u00f9 la distance de tir ne doit jamais exc\u00e9der 20 m\u00e8tres. Il arrive r\u00e9guli\u00e8rement que la position du tireur soit complexe pour avoir un bon angle de tir. Les points sont compt\u00e9s de la fa\u00e7on suivante:<\/span><\/p>\n<p><span style=\"font-family: times new roman,times; font-size: medium;\">1<sup>re<\/sup> fl\u00e8che: zone tu\u00e9e 20 points, zone bless\u00e9e 15 points.<\/span><\/p>\n<p><span style=\"font-family: times new roman,times; font-size: medium;\">2<sup>e<\/sup> fl\u00e8che: zone tu\u00e9e 15 points, zone bless\u00e9e 10 points.<\/span><\/p>\n<p><a href=\"http:\/\/archers-longwy.fr\/wordpress\/wp-content\/uploads\/2014\/10\/tir-nature-castor.jpg\" rel=\"attachment wp-att-140\"><img loading=\"lazy\" decoding=\"async\" class=\"alignnone wp-image-140 size-large\" src=\"http:\/\/archers-longwy.fr\/wordpress\/wp-content\/uploads\/2014\/10\/tir-nature-castor-1024x768.jpg\" alt=\"tir nature castor\" width=\"670\" height=\"502\" srcset=\"https:\/\/archers-haucourt.fr\/wordpress\/wp-content\/uploads\/2014\/10\/tir-nature-castor-1024x768.jpg 1024w, https:\/\/archers-haucourt.fr\/wordpress\/wp-content\/uploads\/2014\/10\/tir-nature-castor-300x225.jpg 300w, https:\/\/archers-haucourt.fr\/wordpress\/wp-content\/uploads\/2014\/10\/tir-nature-castor.jpg 1600w\" sizes=\"auto, (max-width: 670px) 100vw, 670px\" \/><\/a><\/p>\n","protected":false},"excerpt":{"rendered":"<p>Tir nature (r\u00e8glement FITA) &nbsp; Le tir nature est un parcours de 21 cibles plac\u00e9es \u00e0 distances variables (5 \u00e0 40m) qui se pratique en pleine nature. Les cibles sont des images animali\u00e8res comportant une zone tu\u00e9e et une zone bless\u00e9e. Sur chaque cible l&#8217;archer doit \u00e9valuer la distance et tirer 2 fl\u00e8ches en 30 [&hellip;]<\/p>\n","protected":false},"author":2,"featured_media":0,"parent":421,"menu_order":6,"comment_status":"closed","ping_status":"closed","template":"","meta":{"_bbp_topic_count":0,"_bbp_reply_count":0,"_bbp_total_topic_count":0,"_bbp_total_reply_count":0,"_bbp_voice_count":0,"_bbp_anonymous_reply_count":0,"_bbp_topic_count_hidden":0,"_bbp_reply_count_hidden":0,"_bbp_forum_subforum_count":0,"footnotes":""},"class_list":["post-435","page","type-page","status-publish","hentry"],"jetpack_sharing_enabled":true,"_links":{"self":[{"href":"https:\/\/archers-haucourt.fr\/wordpress\/wp-json\/wp\/v2\/pages\/435","targetHints":{"allow":["GET"]}}],"collection":[{"href":"https:\/\/archers-haucourt.fr\/wordpress\/wp-json\/wp\/v2\/pages"}],"about":[{"href":"https:\/\/archers-haucourt.fr\/wordpress\/wp-json\/wp\/v2\/types\/page"}],"author":[{"embeddable":true,"href":"https:\/\/archers-haucourt.fr\/wordpress\/wp-json\/wp\/v2\/users\/2"}],"replies":[{"embeddable":true,"href":"https:\/\/archers-haucourt.fr\/wordpress\/wp-json\/wp\/v2\/comments?post=435"}],"version-history":[{"count":1,"href":"https:\/\/archers-haucourt.fr\/wordpress\/wp-json\/wp\/v2\/pages\/435\/revisions"}],"predecessor-version":[{"id":1085,"href":"https:\/\/archers-haucourt.fr\/wordpress\/wp-json\/wp\/v2\/pages\/435\/revisions\/1085"}],"up":[{"embeddable":true,"href":"https:\/\/archers-haucourt.fr\/wordpress\/wp-json\/wp\/v2\/pages\/421"}],"wp:attachment":[{"href":"https:\/\/archers-haucourt.fr\/wordpress\/wp-json\/wp\/v2\/media?parent=435"}],"curies":[{"name":"wp","href":"https:\/\/api.w.org\/{rel}","templated":true}]}}