{"id":477,"date":"2014-10-31T13:35:54","date_gmt":"2014-10-31T12:35:54","guid":{"rendered":"http:\/\/archers-longwy.fr\/wordpress\/?page_id=477"},"modified":"2023-06-19T11:29:53","modified_gmt":"2023-06-19T09:29:53","slug":"e-propos-du-tir-a-larc","status":"publish","type":"page","link":"https:\/\/archers-haucourt.fr\/wordpress\/e-propos-du-tir-a-larc\/","title":{"rendered":"Le tir \u00e0 l&#8217;arc"},"content":{"rendered":"<ul>\n<li>\u00a0<a href=\"http:\/\/archers-longwy.fr\/wordpress\/e-propos-du-tir-a-larc\/liens-internet\/\" target=\"_blank\" rel=\"noopener\">Les liens &#8220;internet&#8221; et les magasins<\/a><\/li>\n<li><a href=\"http:\/\/archers-longwy.fr\/wordpress\/wp-content\/uploads\/2014\/10\/histoire-st-S\u00e9bastien.pdf\">histoire st S\u00e9bastien<\/a><\/li>\n<li><a href=\"http:\/\/archers-longwy.fr\/wordpress\/wp-content\/uploads\/2014\/10\/larc-au-moyen-age.pdf\">l&#8217;arc au moyen age<\/a> : historique<\/li>\n<li><a title=\"Disciplines\" href=\"http:\/\/archers-longwy.fr\/wordpress\/e-propos-du-tir-a-larc\/disciplines\/\" target=\"_blank\" rel=\"noopener\">Disciplines<\/a><\/li>\n<li style=\"text-align: left;\"><a title=\"Types d\u2019arc\" href=\"http:\/\/archers-longwy.fr\/wordpress\/e-propos-du-tir-a-larc\/types-darc\/\" target=\"_blank\" rel=\"noopener\">Type d&#8217;arcs<\/a><\/li>\n<li style=\"text-align: left;\"><a title=\"Budget d\u2019un archer\" href=\"http:\/\/archers-longwy.fr\/wordpress\/e-propos-du-tir-a-larc\/budget-dun-archer\/\" target=\"_blank\" rel=\"noopener\">Budget d&#8217;un archer de nos jours<\/a><\/li>\n<li style=\"text-align: left;\">Au japon le Kyudo ( texte en cours )<\/li>\n<li style=\"text-align: left;\">L&#8217;arc \u00e0 poulies appara\u00eet en 1982 ( \u00e0 venir )<\/li>\n<li>M\u00e9dias :<br \/>\nParti pour les croisades, le roi Richard Coeur-de-Lion est fait prisonnier par L\u00e9opold d&#8217;Autriche qui demande une ran\u00e7on.Plut\u00f4t que de payer, le Prince Jean, fr\u00e8re du roi, s&#8217;installe sur le tr\u00f4ne d&#8217;Angleterre.<\/p>\n<p style=\"text-align: left;\" align=\"center\">Robin de Locksley, archer de grande valeur, refuse de reconna\u00eetre l&#8217;usurpateur et organise dans la for\u00eat la r\u00e9sistance pour sauver son roi.<\/p>\n<p>Film de 1938 :\u00a0 Errol Flynn dans le film\u00a0 &#8220;Robin des bois&#8221;<\/li>\n<li>\n<p style=\"text-align: left;\" align=\"center\">voir le texte d\u00e9taill\u00e9 : <a href=\"http:\/\/archers-longwy.fr\/wordpress\/wp-content\/uploads\/2014\/10\/Robin-des-bois.doc\">Robin des bois<\/a><\/p>\n<\/li>\n<\/ul>\n<p align=\"center\">\n<p><a title=\"Accueil\" href=\"http:\/\/archers-longwy.fr\/wordpress\/\"><span style=\"text-decoration: underline;\"><strong>Retour vers l&#8217;accueil<\/strong><\/span><\/a><\/p>\n","protected":false},"excerpt":{"rendered":"<p>\u00a0Les liens &#8220;internet&#8221; et les magasins histoire st S\u00e9bastien l&#8217;arc au moyen age : historique Disciplines Type d&#8217;arcs Budget d&#8217;un archer de nos jours Au japon le Kyudo ( texte en cours ) L&#8217;arc \u00e0 poulies appara\u00eet en 1982 ( \u00e0 venir ) M\u00e9dias : Parti pour les croisades, le roi Richard Coeur-de-Lion est fait [&hellip;]<\/p>\n","protected":false},"author":2,"featured_media":0,"parent":0,"menu_order":5,"comment_status":"closed","ping_status":"closed","template":"","meta":{"_bbp_topic_count":0,"_bbp_reply_count":0,"_bbp_total_topic_count":0,"_bbp_total_reply_count":0,"_bbp_voice_count":0,"_bbp_anonymous_reply_count":0,"_bbp_topic_count_hidden":0,"_bbp_reply_count_hidden":0,"_bbp_forum_subforum_count":0,"footnotes":""},"class_list":["post-477","page","type-page","status-publish","hentry"],"jetpack_sharing_enabled":true,"_links":{"self":[{"href":"https:\/\/archers-haucourt.fr\/wordpress\/wp-json\/wp\/v2\/pages\/477","targetHints":{"allow":["GET"]}}],"collection":[{"href":"https:\/\/archers-haucourt.fr\/wordpress\/wp-json\/wp\/v2\/pages"}],"about":[{"href":"https:\/\/archers-haucourt.fr\/wordpress\/wp-json\/wp\/v2\/types\/page"}],"author":[{"embeddable":true,"href":"https:\/\/archers-haucourt.fr\/wordpress\/wp-json\/wp\/v2\/users\/2"}],"replies":[{"embeddable":true,"href":"https:\/\/archers-haucourt.fr\/wordpress\/wp-json\/wp\/v2\/comments?post=477"}],"version-history":[{"count":23,"href":"https:\/\/archers-haucourt.fr\/wordpress\/wp-json\/wp\/v2\/pages\/477\/revisions"}],"predecessor-version":[{"id":5387,"href":"https:\/\/archers-haucourt.fr\/wordpress\/wp-json\/wp\/v2\/pages\/477\/revisions\/5387"}],"wp:attachment":[{"href":"https:\/\/archers-haucourt.fr\/wordpress\/wp-json\/wp\/v2\/media?parent=477"}],"curies":[{"name":"wp","href":"https:\/\/api.w.org\/{rel}","templated":true}]}}